
-9
What is (16 - (-34 - -45)) + 0 + -2?
3
What is the value of 20 + (-22 - -30) - 1?
27
0 - (-7 - -2 - ((-5 - 12) + 2))
-10
What is (15 - (14 + 10)) + 13?
4
Calculate (-1 - 10) + (16 - (1 - 18)).
22
Evaluate -6 - 2 - (-64 - -69 - (24 - 2)).
9
Calculate 10 - (19 - -7 - (11 - 4)).
-9
0 + (-25 - (4 - -3)) + 7 + 6
-19
19 - (8 - -11) - 12
-12
What is the value of -6 - (33 + -28 + (1 - -1))?
-13
Calculate (3 + 0 + 10 - 1) + 0 + -2.
10
9 + -2 + -46 + 33 + 13
7
What is the value of (-1 - 0) + -5 + -62 + 79?
11
6 + (-12 - -4 - -8) - (2 - -9)
-5
What is (4 - (9 - 7)) + 0 + -9?
-7
What is the value of -4 - ((6 - (13 + -19)) + 4)?
-20
Evaluate (10 - 7 - -4) + (11 - (2 + 1)).
15
What is (14 + 2 - -3) + 306 + -307?
18
Calculate 9 - -17 - 12 - (3 + 1).
10
Calculate 5 - 3 - -16 - 28.
-10
What is the value of -3 - -7 - (-100 + 113)?
-9
Calculate 0 + 17 + 3 + (4 - 5) + -5.
14
Calculate 9 + 16 + -12 + -11.
2
(-38 - -39) + 22 + -44
-21
Evaluate -37 + 10 - (-14 - 12).
-1
What is (5 - (15 - -6)) + 5?
-11
Evaluate (2 - -17) + (382 - 420).
-19
Evaluate (1 - (-2 + (6 - -2))) + (557 - 543).
9
Calculate (7 - (39 - 17)) + 3.
-12
Evaluate -2 + 9 + -1 - (-14 + 11).
9
What is the value of -5 + (6 - (2 + (-1 - 7)))?
7
Calculate (-1 - 3) + (105 - 85).
16
What is the value of (19 - (1 + 2)) + -5 + -11?
0
-4 + -10 + 1 + -1 + 6
-8
What is the value of (-3 - 4) + 22 + -34?
-19
What is (2 + -1 - -3) + -7 + 15?
12
Evaluate -1 + -1 + -2 - (-18 + -4 + 6).
12
Evaluate (24 - 1) + (-6 - -3).
20
Calculate 30 + -7 + 7 + (13 - 18 - -1).
26
Evaluate -15 + 17 + 2 + -3 + -6.
-5
What is 2 + ((-4 - -13) + -14 - 3)?
-6
What is -10 - (-3 - (-11 + 9 + 7))?
-2
What is 16 - (-5 - -10) - (5 + -2 - -18)?
-10
Calculate -1 + 2 + (-13 - (-1 + -41)).
30
What is -3 + 1 - (-127 - -117)?
8
What is 47 + (7 - (-6 + 42))?
18
What is -11 - (-2 - 1 - (-6 + 19 + -8))?
-3
What is the value of -34 + 2 + (3 - -2) + 3?
-24
What is the value of -32 - (-29 - (-19 - -5))?
-17
What is the value of ((-9 - 11) + 22 - (-19 - 1)) + -6?
16
What is the value of 857 + -891 + (1 - -42)?
9
Evaluate (-17 - 1) + (12 - -1).
-5
Calculate (12 - 2) + -239 + 251.
22
What is 8 + (15 + 5 - 13)?
15
-7 - (8 + (-1 - 11))
-3
(0 - 9) + (4 - 9) + 7 + 0
-7
(-193 - -192) + -3 + -6
-10
-32 - (5 + 2 + -37)
-2
-32 + 19 - (6 - (9 - 1))
-11
26 - 19 - (18 + -22)
11
(3 - (-7 + 5 - -6)) + 23
22
What is the value of -13 - (-11 - (14 - 15))?
-3
Evaluate 0 + 1 + (10 - (-6 + 20)) - -5.
2
Evaluate (10 - 3 - 1) + 4.
10
Calculate 308 - 309 - (1 - -1 - -4).
-7
Evaluate (23 - (3 + 2)) + -13.
5
What is the value of 8 - (-4 + -2 + 5)?
9
Calculate 1 + 9 + -3 + -1 + (24 - 8).
22
Evaluate 21 + (9 - 34) + -1 + 1 - 0.
-4
Calculate -7 + -22 + (-18 - -36).
-11
What is (-13 - 4 - -7) + -2?
-12
Calculate -1 + (20 + -11 + 9 - 14).
3
(3 - -1) + -3 + 98 + -98
1
What is 0 + -3 + -11 + (-13 - (21 - 44))?
-4
Evaluate -4 - ((-4 - -16) + -7 + 6 - 4).
-11
Evaluate -8 + -1 + (6 - 3) + -1 - 2.
-9
Evaluate -1 - (1 + 9) - (0 - (-4 - -5)).
-10
What is (18 - 14 - 9) + 11?
6
-6 - (-25 - (3 + -9) - -14)
-1
What is 31 - ((-3 - -19) + -1)?
16
Evaluate 3130 - 3131 - (-43 + 1).
41
Calculate (-16 - -9) + (5 + -4 + 3 - -2).
-1
-12 + (-2 - 2) - ((-31 - -17) + 14)
-16
What is the value of 0 + (8 - 11) + (-3 - (2 - 4))?
-4
Evaluate 47 - (-23 - -77) - (-24 - 1 - -1).
17
-48 + -18 + 44 - -46
24
What is the value of -5 - (12 + -11 + -4 - (-3 - -1))?
-4
-9 + (-4 - 7) + 12
-8
(1 - -6 - (-25 + -25 + 47)) + -1
9
Calculate 13 - ((3 - 2) + 7 + 2 + -5).
8
What is the value of (4 - (-1 + 1)) + (6 + 13 - 14)?
9
18 - (5 - -18) - -32
27
Evaluate (3 - 5) + 10 + -4 - (-7 + 1).
10
What is 2 + 0 + 0 - (3 + 5 + 2)?
-8
Calculate -11 - -16 - (-8 + 8 - -40).
-35
What is (-2 - 4) + (4 + -7 - -8 - 9)?
-10
Evaluate (-118 + 125 - (2 + 8)) + -12.
-15
Calculate (1 + 16 - (-7 + -4 + 19)) + 7.
16
Evaluate -25 + (-2 - 10) + 6.
-31
Evaluate 6 - (5 + 1 + -1 + -121 + 119).
3
Evaluate (7 - 3) + 1 + (-22 - -24).
7
-11 + -6 + -18 + 19 - -45
29
Calculate 37 + -41 + -13 + -3.
-20
What is the value of (-23 - -111 - 25) + -24?
39
What is (-6 - -12) + (15 - 6 - 24) + 2?
-7
Calculate -6 + (-2 - -1 - (148 + -139)).
-16
Calculate (77 - 84) + 40 + -7.
26
(1 - -7) + -261 + 257 - -8
12
What is the value of (-21 - (-20 - 9)) + 3?
11
Evaluate 3 + (6 - (9 - -7)).
-7
25 + 9 + (-17 - -9 - 6)
20
Calculate -18 - (14 - 33) - 12.
-11
Evaluate -3 - (-12 + (-5 - -16) - -5).
-7
Evaluate -30 - 1 - (855 - 878).
-8
Evaluate (-12 - ((20 - 10) + -1 - 4)) + -9.
-26
What is the value of -3 - 1 - (-8 + 3) - -6?
7
12 - 1 - (-6 + -10 + 10 + 14)
3
Evaluate (61 + -49 - (3 - -4)) + -15.
-10
Evaluate -8 + 3 + 12 - -4.
11
Calculate (6 - -22) + -27 - -18.
19
Calculate 31 - (31 + -17 + 8).
9
Calculate 2 + -16 - (-1 - 7).
-6
(12 + 2 - (-22 - -31)) + 5
10
Evaluate 5 - (11 - -3) - -8.
-1
What is -10 - (-11 + -14 + 12)?
3
2 + -26 + (-619 - -663)
20
What is -30 - (-17 - (-14 + (-7 - -18)) - -7)?
-23
(8 - 3) + -5 + (-17 - -11) + 12
6
What is (3 - 2) + (-6 - (1 - 10) - -5)?
9
1 - ((3 - (-1 - 12)) + (-5 - -1))
-11
Evaluate 62 + -72 - (-15 + -6 + -6).
17
What is the value of 4 + (1 - 27 - -30)?
8
Evaluate 11 + (-1 - (30 + -16)).
-4
Calculate 12 - (1 - 0) - (-3710 - -3713).
8
What is the value of -1 + -7 + -29 + 30 + 4?
-3
30 + (24 - 76) - ((-2 - -4) + 6)
-30
What is the value of (-39 - -34) + 7 + (0 - -14)?
16
Calculate (-9 - -14) + -8 + 1.
-2
Evaluate 11 - (3 + 26 + -3).
-15
Calculate (-4 - 5) + -287 + 324.
28
What is the value of 9 - 8 - -1 - -6?
8
What is the value of (5 - -7) + 56 + -59?
9
Evaluate 8 - (5 + 10 + 0) - -9.
2
What is (6 + -15 - (-6 + 3)) + (23 - 1)?
16
Evaluate -4 - (-28 - -37 - (1 - -5)).
-7
Evaluate -67 + 86 - ((9 - -2) + -2).
10
What is the value of 23 + (37 - 63) - -34?
31
3 + 26 + -51 + 4
-18
What is the value of (3 + 12 - 1) + -22?
-8
-1 + 15 + -11 + (6 - 1) - -3
11
Calculate 6 + -3 + 1 - (16 + (-42 - -3)).
27
What is the value of (-1 - (1 - -2) - 3) + 3 + 14?
10
Calculate (6 - (-10 + 23)) + 10 + -6.
-3
Calculate -16 + (1 + -2 - -3) + 15 + -12.
-11
-15 + 25 + -20 + 5
-5
What is 0 - -5 - (-1 + -25 - -43)?
-12
What is (12 - (41 - 29)) + 4 + -11?
-7
Calculate (-1 - -7 - (37 - 19)) + 13.
1
What is the value of (3 - 0) + 11 + -10 - -7?
11
Evaluate (-38 - -31 - 39) + 18.
-28
What is 11 - (8 + -12 + 0 - -17)?
-2
What is (-1175 - -1192) + (-2 - (-1 - -1))?
15
Calculate -7 + (66 + -68 - (0 + 0)).
-9
4 + (10 - (5 + 0)) - 14
-5
Calculate 12 - (-4 - (-2 + -1 + -2)).
11
Evaluate (-52 - (-47 - -29)) + 29.
-5
What is (-6 - -2) + (1 - (-16 - (16 - 4)))?
25
What is 7 - 1 - ((-4 - (2 - 2)) + 15)?
-5
Calculate -4 - (7 - (-24 - -17)).
-18
What is the value of -8 - (-15 + 16 + 3)?
-12
What is (-22 - 29) + 33 - -21?
3
What is 41 + -65 - (13 - 17)?
-20
What is 12 + -2 + 0 - (18 + 4 - 19)?
7
What is the value of 47 + -49 - (4 + -5 - -3)?
-4
What is 11 + -16 + -14 - 4?
-23
Calculate -134 + 147 + (-1 - (-10 - 2)).
24
Calculate 19 + -18 - (6 + -4).
-1
11 - 15 - (-3 - (2 - -3))
4
What is (19 - -15) + -15 - 13?
6
Evaluate (-10 - -3) + -3 - (3 - (7 - 4)).
-10
What is 14 - (-14 + 23 + 6)?
-1
Evaluate -21 - (-9 + 17 + (13 - 25)).
-17
Evaluate -26 + (19 - 19) + 19.
-7
What is the value of 25 - (20 + (-10 - -20) + -16)?
11
-2 - (-2 + -10) - (8 - (3 - -1))
6
Calculate 47 + -32 + 3 + 15 + (0 - 10).
23
Evaluate 0 + -3 + 2 - (3 - -1) - -13.
8
What is 2 - (4 - (-8 + 15))?
5
What is the value of 4 + -9 + 5 - (12 - -4)?
-16
(6 - (12 - 7)) + (0 - -2)
3
31 - (99 - 35 - 27)
-6
Calculate 39 + -33 + -4 + (2 + -25 - -1).
-20
Evaluate 3 + (-3 - 0) + -14 + 33 + -18.
1
Calculate -12 + (5 - 0) + (-58 - -53).
-12
Calculate 6 - (0 - (-4 - 22 - -14)).
-6
What is the value of -1 + 1 + 1 - (2 + -27 + 13)?
13
-15 + (0 - -13) + -3
-5
What is -5 - -5 - (0 + (-10 - 2 - -6))?
6
What is (1 - (14 + -17 + 1)) + -1 + -28?
-26
Calculate 7 + 4 + -10 + 4 + (4 - 21).
-12
0 + -8 - (64 - 53 - (1 - -4))
-14
What is the value of -2 - (-21 + 7 - (16 - 8))?
20
Evaluate -1 + (5 - 11) + 9 + -3 + 4.
3
Calculate (-28 - -18) + 0 - -2.
-8
4 + 3 + 53 + -59
1
What is the value of (19 - 3 - 48) + 37?
5
Calculate -1 - (4 - (3 - (-1 - -1))).
-2
What is the value of (-16 - (10 + -30)) + (5 - 0)?
9
Calculate -19 + 0 - (-90 - (-4 - 42)).
25
Calculate (2 - -4) + (-13 - 1) - -9.
1
Calculate -16 + 8 + 12 - 7.
-3
What is the value of 8 + -7 - (4 